{"id":88,"date":"2025-11-19T16:39:25","date_gmt":"2025-11-19T16:39:25","guid":{"rendered":"https:\/\/elektro-hasch.de\/index.php\/home\/"},"modified":"2026-01-07T21:16:08","modified_gmt":"2026-01-07T21:16:08","slug":"home","status":"publish","type":"page","link":"https:\/\/elektro-hasch.de\/","title":{"rendered":"Home"},"content":{"rendered":"\t\t<div data-elementor-type=\"wp-page\" data-elementor-id=\"88\" class=\"elementor elementor-88\">\n\t\t\t\t<div class=\"elementor-element elementor-element-2576bfa e-flex e-con-boxed e-con e-parent\" data-id=\"2576bfa\" data-element_type=\"container\" data-settings=\"{&quot;background_background&quot;:&quot;classic&quot;}\">\n\t\t\t\t\t<div class=\"e-con-inner\">\n\t\t\t\t<div class=\"elementor-element elementor-element-8037515 elementor-widget elementor-widget-spacer\" data-id=\"8037515\" data-element_type=\"widget\" data-widget_type=\"spacer.default\">\n\t\t\t\t\t\t\t<div class=\"elementor-spacer\">\n\t\t\t<div class=\"elementor-spacer-inner\"><\/div>\n\t\t<\/div>\n\t\t\t\t\t\t<\/div>\n\t\t\t\t\t<\/div>\n\t\t\t\t<\/div>\n\t\t<div class=\"elementor-element elementor-element-a983d8b e-flex e-con-boxed e-con e-parent\" data-id=\"a983d8b\" data-element_type=\"container\" data-settings=\"{&quot;background_background&quot;:&quot;classic&quot;}\">\n\t\t\t\t\t<div class=\"e-con-inner\">\n\t\t\t\t<div class=\"elementor-element elementor-element-acac92f elementor-widget elementor-widget-heading\" data-id=\"acac92f\" data-element_type=\"widget\" data-widget_type=\"heading.default\">\n\t\t\t\t\t<h2 class=\"elementor-heading-title elementor-size-default\">Willkommen bei Elektro Hasch - \n<br> Ihr Partner f\u00fcr zuverl\u00e4ssige Elektrotechnik.<\/h2>\t\t\t\t<\/div>\n\t\t\t\t<div class=\"elementor-element elementor-element-32e4715 elementor-widget elementor-widget-spacer\" data-id=\"32e4715\" data-element_type=\"widget\" data-widget_type=\"spacer.default\">\n\t\t\t\t\t\t\t<div class=\"elementor-spacer\">\n\t\t\t<div class=\"elementor-spacer-inner\"><\/div>\n\t\t<\/div>\n\t\t\t\t\t\t<\/div>\n\t\t\t\t\t<\/div>\n\t\t\t\t<\/div>\n\t\t<div class=\"elementor-element elementor-element-7de1181 e-flex e-con-boxed e-con e-parent\" data-id=\"7de1181\" data-element_type=\"container\" data-settings=\"{&quot;background_background&quot;:&quot;classic&quot;}\">\n\t\t\t\t\t<div class=\"e-con-inner\">\n\t\t\t\t<div class=\"elementor-element elementor-element-6b3b9e8 elementor-widget elementor-widget-image\" data-id=\"6b3b9e8\" data-element_type=\"widget\" data-widget_type=\"image.default\">\n\t\t\t\t\t\t\t\t\t\t\t\t\t\t\t<img fetchpriority=\"high\" decoding=\"async\" width=\"800\" height=\"534\" src=\"https:\/\/elektro-hasch.de\/wp-content\/uploads\/2025\/11\/Elektro-Hasch-Meisterbetrieb-im-Ueberblick-1024x683.png\" class=\"attachment-large size-large wp-image-290\" alt=\"\" srcset=\"https:\/\/elektro-hasch.de\/wp-content\/uploads\/2025\/11\/Elektro-Hasch-Meisterbetrieb-im-Ueberblick-1024x683.png 1024w, https:\/\/elektro-hasch.de\/wp-content\/uploads\/2025\/11\/Elektro-Hasch-Meisterbetrieb-im-Ueberblick-300x200.png 300w, https:\/\/elektro-hasch.de\/wp-content\/uploads\/2025\/11\/Elektro-Hasch-Meisterbetrieb-im-Ueberblick-768x512.png 768w, https:\/\/elektro-hasch.de\/wp-content\/uploads\/2025\/11\/Elektro-Hasch-Meisterbetrieb-im-Ueberblick-600x400.png 600w, https:\/\/elektro-hasch.de\/wp-content\/uploads\/2025\/11\/Elektro-Hasch-Meisterbetrieb-im-Ueberblick.png 1536w\" sizes=\"(max-width: 800px) 100vw, 800px\" \/>\t\t\t\t\t\t\t\t\t\t\t\t\t\t\t<\/div>\n\t\t\t\t\t<\/div>\n\t\t\t\t<\/div>\n\t\t<div class=\"elementor-element elementor-element-23d9449 e-flex e-con-boxed e-con e-parent\" data-id=\"23d9449\" data-element_type=\"container\">\n\t\t\t\t\t<div class=\"e-con-inner\">\n\t\t\t\t<div class=\"elementor-element elementor-element-2319cc6 elementor-widget elementor-widget-spacer\" data-id=\"2319cc6\" data-element_type=\"widget\" data-widget_type=\"spacer.default\">\n\t\t\t\t\t\t\t<div class=\"elementor-spacer\">\n\t\t\t<div class=\"elementor-spacer-inner\"><\/div>\n\t\t<\/div>\n\t\t\t\t\t\t<\/div>\n\t\t\t\t<div class=\"elementor-element elementor-element-d44a4c5 elementor-widget elementor-widget-heading\" data-id=\"d44a4c5\" data-element_type=\"widget\" data-widget_type=\"heading.default\">\n\t\t\t\t\t<h2 class=\"elementor-heading-title elementor-size-default\">\u00dcber Uns<\/h2>\t\t\t\t<\/div>\n\t\t\t\t\t<\/div>\n\t\t\t\t<\/div>\n\t\t<div class=\"elementor-element elementor-element-089d359 e-con-full e-flex e-con e-parent\" data-id=\"089d359\" data-element_type=\"container\" data-settings=\"{&quot;background_background&quot;:&quot;classic&quot;}\">\n\t\t<div class=\"elementor-element elementor-element-258d869 e-con-full e-flex e-con e-child\" data-id=\"258d869\" data-element_type=\"container\" data-settings=\"{&quot;background_background&quot;:&quot;classic&quot;}\">\n\t\t\t\t<div class=\"elementor-element elementor-element-337d403 elementor-widget elementor-widget-heading\" data-id=\"337d403\" data-element_type=\"widget\" data-widget_type=\"heading.default\">\n\t\t\t\t\t<h1 class=\"elementor-heading-title elementor-size-default\">Elektro Hasch steht seit 1967 f\u00fcr zuverl\u00e4ssige, hochwertige und fachgerechte Elektrotechnik. <br>Gegr\u00fcndet von Josef Hasch Senior und seit dem Jahr 2000 in zweiter Generation gef\u00fchrt, verbindet unser Familienbetrieb jahrzehntelange Erfahrung mit modernem Fachwissen. <\/h1>\t\t\t\t<\/div>\n\t\t\t\t<div class=\"elementor-element elementor-element-15aa140 elementor-mobile-align-center elementor-align-center elementor-widget-mobile__width-initial elementor-widget elementor-widget-button\" data-id=\"15aa140\" data-element_type=\"widget\" data-widget_type=\"button.default\">\n\t\t\t\t\t\t\t\t\t\t<a class=\"elementor-button elementor-button-link elementor-size-sm\" href=\"mailto:info@elektro-hasch.de\">\n\t\t\t\t\t\t<span class=\"elementor-button-content-wrapper\">\n\t\t\t\t\t\t<span class=\"elementor-button-icon\">\n\t\t\t\t<svg aria-hidden=\"true\" class=\"e-font-icon-svg e-fas-bolt\" viewBox=\"0 0 320 512\" xmlns=\"http:\/\/www.w3.org\/2000\/svg\"><path d=\"M296 160H180.6l42.6-129.8C227.2 15 215.7 0 200 0H56C44 0 33.8 8.9 32.2 20.8l-32 240C-1.7 275.2 9.5 288 24 288h118.7L96.6 482.5c-3.6 15.2 8 29.5 23.3 29.5 8.4 0 16.4-4.4 20.8-12l176-304c9.3-15.9-2.2-36-20.7-36z\"><\/path><\/svg>\t\t\t<\/span>\n\t\t\t\t\t\t\t\t<\/span>\n\t\t\t\t\t<\/a>\n\t\t\t\t\t\t\t\t<\/div>\n\t\t\t\t<\/div>\n\t\t<div class=\"elementor-element elementor-element-6837ec9 e-con-full e-flex e-con e-child\" data-id=\"6837ec9\" data-element_type=\"container\" data-settings=\"{&quot;background_background&quot;:&quot;classic&quot;}\">\n\t\t\t\t<div class=\"elementor-element elementor-element-6e50da2 elementor-widget elementor-widget-image\" data-id=\"6e50da2\" data-element_type=\"widget\" data-widget_type=\"image.default\">\n\t\t\t\t\t\t\t\t\t\t\t\t\t\t\t<img decoding=\"async\" width=\"800\" height=\"514\" src=\"https:\/\/elektro-hasch.de\/wp-content\/uploads\/2025\/12\/Hasch2-1024x658.png\" class=\"attachment-large size-large wp-image-731\" alt=\"\" srcset=\"https:\/\/elektro-hasch.de\/wp-content\/uploads\/2025\/12\/Hasch2-1024x658.png 1024w, https:\/\/elektro-hasch.de\/wp-content\/uploads\/2025\/12\/Hasch2-300x193.png 300w, https:\/\/elektro-hasch.de\/wp-content\/uploads\/2025\/12\/Hasch2-768x493.png 768w, https:\/\/elektro-hasch.de\/wp-content\/uploads\/2025\/12\/Hasch2-1536x987.png 1536w, https:\/\/elektro-hasch.de\/wp-content\/uploads\/2025\/12\/Hasch2-600x385.png 600w, https:\/\/elektro-hasch.de\/wp-content\/uploads\/2025\/12\/Hasch2.png 1681w\" sizes=\"(max-width: 800px) 100vw, 800px\" \/>\t\t\t\t\t\t\t\t\t\t\t\t\t\t\t<\/div>\n\t\t\t\t<\/div>\n\t\t\t\t<\/div>\n\t\t<div class=\"elementor-element elementor-element-d58fdda e-flex e-con-boxed e-con e-parent\" data-id=\"d58fdda\" data-element_type=\"container\">\n\t\t\t\t\t<div class=\"e-con-inner\">\n\t\t\t\t<div class=\"elementor-element elementor-element-9e32d96 elementor-widget elementor-widget-spacer\" data-id=\"9e32d96\" data-element_type=\"widget\" data-widget_type=\"spacer.default\">\n\t\t\t\t\t\t\t<div class=\"elementor-spacer\">\n\t\t\t<div class=\"elementor-spacer-inner\"><\/div>\n\t\t<\/div>\n\t\t\t\t\t\t<\/div>\n\t\t\t\t\t<\/div>\n\t\t\t\t<\/div>\n\t\t<div class=\"elementor-element elementor-element-9650c4a e-flex e-con-boxed e-con e-parent\" data-id=\"9650c4a\" data-element_type=\"container\">\n\t\t\t\t\t<div class=\"e-con-inner\">\n\t\t\t\t<div class=\"elementor-element elementor-element-3db260f elementor-widget elementor-widget-heading\" data-id=\"3db260f\" data-element_type=\"widget\" data-widget_type=\"heading.default\">\n\t\t\t\t\t<h2 class=\"elementor-heading-title elementor-size-default\">Unsere Projekte<\/h2>\t\t\t\t<\/div>\n\t\t\t\t\t<\/div>\n\t\t\t\t<\/div>\n\t\t<div class=\"elementor-element elementor-element-6ec2b35 e-flex e-con-boxed e-con e-parent\" data-id=\"6ec2b35\" data-element_type=\"container\">\n\t\t\t\t\t<div class=\"e-con-inner\">\n\t\t\t\t<div class=\"elementor-element elementor-element-26d37a6 elementor-view-default elementor-widget elementor-widget-icon\" data-id=\"26d37a6\" data-element_type=\"widget\" data-widget_type=\"icon.default\">\n\t\t\t\t\t\t\t<div class=\"elementor-icon-wrapper\">\n\t\t\t<div class=\"elementor-icon\">\n\t\t\t<svg aria-hidden=\"true\" class=\"e-font-icon-svg e-fas-arrow-down\" viewBox=\"0 0 448 512\" xmlns=\"http:\/\/www.w3.org\/2000\/svg\"><path d=\"M413.1 222.5l22.2 22.2c9.4 9.4 9.4 24.6 0 33.9L241 473c-9.4 9.4-24.6 9.4-33.9 0L12.7 278.6c-9.4-9.4-9.4-24.6 0-33.9l22.2-22.2c9.5-9.5 25-9.3 34.3.4L184 343.4V56c0-13.3 10.7-24 24-24h32c13.3 0 24 10.7 24 24v287.4l114.8-120.5c9.3-9.8 24.8-10 34.3-.4z\"><\/path><\/svg>\t\t\t<\/div>\n\t\t<\/div>\n\t\t\t\t\t\t<\/div>\n\t\t\t\t\t<\/div>\n\t\t\t\t<\/div>\n\t\t<div class=\"elementor-element elementor-element-b53df29 e-flex e-con-boxed e-con e-parent\" data-id=\"b53df29\" data-element_type=\"container\">\n\t\t\t\t\t<div class=\"e-con-inner\">\n\t\t\t\t<div class=\"elementor-element elementor-element-f40f92e elementor-widget elementor-widget-timeline-widget-addon\" data-id=\"f40f92e\" data-element_type=\"widget\" data-widget_type=\"timeline-widget-addon.default\">\n\t\t\t\t<div class=\"elementor-widget-container\">\n\t\t\t\t\t<!-- ========= Timeline Widget  Addon For Elementor 1.6.14 ========= -->\n<div id=\"twae-wrapper-f40f92e\" class=\"twae-wrapper twae-horizontal-timeline\">\n<div class=\"twae-wrapper-inside\">\n <div id=\"twae-slider-container-f40f92e\" data-dir=\"\" data-slidestoshow=\"3\" data-autoplay=\"false\" data-auto-height=\"true\" class=\"twae-slider-container swiper-container\">\n <div  class=\"twae-slider-wrapper swiper-wrapper no-height\"><!-- Start of Story Repeater Content --><div id=\"twae-article-771b0c6\" class=\"twae-repeater-item twae-story swiper-slide twae-story-no-icon\"><!-- Story Label --><div class=\"twae-labels\"><div class=\"twae-label-big\">Egling<\/div><div class=\"twae-label-small\">aktuell<\/div><\/div><!-- Story Icon --><div class=\"twae-icon\"><svg aria-hidden=\"true\" class=\"e-font-icon-svg e-fas-house-damage\" viewBox=\"0 0 576 512\" xmlns=\"http:\/\/www.w3.org\/2000\/svg\"><path d=\"M288 114.96L69.47 307.71c-1.62 1.46-3.69 2.14-5.47 3.35V496c0 8.84 7.16 16 16 16h149.23L192 439.19l104.11-64-60.16-119.22L384 392.75l-104.11 64L319.81 512H496c8.84 0 16-7.16 16-16V311.1c-1.7-1.16-3.72-1.82-5.26-3.2L288 114.96zm282.69 121.32L512 184.45V48c0-8.84-7.16-16-16-16h-64c-8.84 0-16 7.16-16 16v51.69L314.75 10.31C307.12 3.45 297.56.01 288 0s-19.1 3.41-26.7 10.27L5.31 236.28c-6.57 5.91-7.12 16.02-1.21 22.6l21.4 23.82c5.9 6.57 16.02 7.12 22.6 1.21L277.42 81.63c6.05-5.33 15.12-5.33 21.17 0L527.91 283.9c6.57 5.9 16.69 5.36 22.6-1.21l21.4-23.82c5.9-6.57 5.36-16.69-1.22-22.59z\"><\/path><\/svg><\/div><!-- Story Arrow --><div class=\"twae-arrow\"><\/div><!-- Start of Story Content --><div class=\"twae-content\"><!-- Story Image --><div class=\"twae-media large\"><img decoding=\"async\" width=\"800\" height=\"450\" src=\"https:\/\/elektro-hasch.de\/wp-content\/uploads\/2025\/12\/e637bf6b-d950-4143-8ab4-38bd2eeff10c-1-1024x576.jpg\" class=\"attachment-large size-large\" alt=\"\" srcset=\"https:\/\/elektro-hasch.de\/wp-content\/uploads\/2025\/12\/e637bf6b-d950-4143-8ab4-38bd2eeff10c-1-1024x576.jpg 1024w, https:\/\/elektro-hasch.de\/wp-content\/uploads\/2025\/12\/e637bf6b-d950-4143-8ab4-38bd2eeff10c-1-300x169.jpg 300w, https:\/\/elektro-hasch.de\/wp-content\/uploads\/2025\/12\/e637bf6b-d950-4143-8ab4-38bd2eeff10c-1-768x432.jpg 768w, https:\/\/elektro-hasch.de\/wp-content\/uploads\/2025\/12\/e637bf6b-d950-4143-8ab4-38bd2eeff10c-1-1536x864.jpg 1536w, https:\/\/elektro-hasch.de\/wp-content\/uploads\/2025\/12\/e637bf6b-d950-4143-8ab4-38bd2eeff10c-1-600x338.jpg 600w, https:\/\/elektro-hasch.de\/wp-content\/uploads\/2025\/12\/e637bf6b-d950-4143-8ab4-38bd2eeff10c-1.jpg 2048w\" sizes=\"(max-width: 800px) 100vw, 800px\" \/><\/div><!-- Story Title --><div class=\"twae-title\">Projekt: Einfamilienhaus<\/div><!-- Story Description --><div class=\"twae-description\"><p>F\u00fcr dieses Bauvorhaben \u00fcbernehmen wir die komplette elektrotechnische Planung und Umsetzung der Doppelhaush\u00e4lften sowie des Einfamilienhauses \u2013 von der Rohinstallation bis zur fertigen Inbetriebnahme, fachgerecht, zuverl\u00e4ssig und zukunftssicher.<\/p><\/div><\/div><\/div><!-- Start of Story Repeater Content --><div id=\"twae-article-0b67309\" class=\"twae-repeater-item twae-story swiper-slide twae-story-no-icon\"><!-- Story Label --><div class=\"twae-labels\"><div class=\"twae-label-big twae-label-big\">Egling<\/div><div class=\"twae-label-small twae-label-small\">aktuell<\/div><\/div><!-- Story Icon --><div class=\"twae-icon\"><svg aria-hidden=\"true\" class=\"e-font-icon-svg e-fas-house-damage\" viewBox=\"0 0 576 512\" xmlns=\"http:\/\/www.w3.org\/2000\/svg\"><path d=\"M288 114.96L69.47 307.71c-1.62 1.46-3.69 2.14-5.47 3.35V496c0 8.84 7.16 16 16 16h149.23L192 439.19l104.11-64-60.16-119.22L384 392.75l-104.11 64L319.81 512H496c8.84 0 16-7.16 16-16V311.1c-1.7-1.16-3.72-1.82-5.26-3.2L288 114.96zm282.69 121.32L512 184.45V48c0-8.84-7.16-16-16-16h-64c-8.84 0-16 7.16-16 16v51.69L314.75 10.31C307.12 3.45 297.56.01 288 0s-19.1 3.41-26.7 10.27L5.31 236.28c-6.57 5.91-7.12 16.02-1.21 22.6l21.4 23.82c5.9 6.57 16.02 7.12 22.6 1.21L277.42 81.63c6.05-5.33 15.12-5.33 21.17 0L527.91 283.9c6.57 5.9 16.69 5.36 22.6-1.21l21.4-23.82c5.9-6.57 5.36-16.69-1.22-22.59z\"><\/path><\/svg><\/div><!-- Story Arrow --><div class=\"twae-arrow\"><\/div><!-- Start of Story Content --><div class=\"twae-content\"><!-- Story Image --><div class=\"twae-media large\"><img loading=\"lazy\" decoding=\"async\" width=\"800\" height=\"450\" src=\"https:\/\/elektro-hasch.de\/wp-content\/uploads\/2025\/12\/2bc9269e-e458-4a2c-9ae0-289ec707f4d6-1024x576.jpg\" class=\"attachment-large size-large\" alt=\"\" srcset=\"https:\/\/elektro-hasch.de\/wp-content\/uploads\/2025\/12\/2bc9269e-e458-4a2c-9ae0-289ec707f4d6-1024x576.jpg 1024w, https:\/\/elektro-hasch.de\/wp-content\/uploads\/2025\/12\/2bc9269e-e458-4a2c-9ae0-289ec707f4d6-300x169.jpg 300w, https:\/\/elektro-hasch.de\/wp-content\/uploads\/2025\/12\/2bc9269e-e458-4a2c-9ae0-289ec707f4d6-768x432.jpg 768w, https:\/\/elektro-hasch.de\/wp-content\/uploads\/2025\/12\/2bc9269e-e458-4a2c-9ae0-289ec707f4d6-1536x864.jpg 1536w, https:\/\/elektro-hasch.de\/wp-content\/uploads\/2025\/12\/2bc9269e-e458-4a2c-9ae0-289ec707f4d6-600x338.jpg 600w, https:\/\/elektro-hasch.de\/wp-content\/uploads\/2025\/12\/2bc9269e-e458-4a2c-9ae0-289ec707f4d6.jpg 2048w\" sizes=\"(max-width: 800px) 100vw, 800px\" \/><\/div><!-- Story Title --><div class=\"twae-title twae-title\">Projekt: Doppelhaus<\/div><!-- Story Description --><div class=\"twae-description twae-description\"><p>F\u00fcr dieses Bauvorhaben \u00fcbernehmen wir die komplette elektrotechnische Planung und Umsetzung der Doppelhaush\u00e4lften sowie des Einfamilienhauses \u2013 von der Rohinstallation bis zur fertigen Inbetriebnahme, fachgerecht, zuverl\u00e4ssig und zukunftssicher.<\/p><\/div><\/div><\/div><!-- Start of Story Repeater Content --><div id=\"twae-article-9ac1133\" class=\"twae-repeater-item twae-story swiper-slide twae-story-no-icon\"><!-- Story Label --><div class=\"twae-labels\"><div class=\"twae-label-big twae-label-big twae-label-big\">Wolfratshausen<\/div><div class=\"twae-label-small twae-label-small twae-label-small\">November<\/div><\/div><!-- Story Icon --><div class=\"twae-icon\"><i aria-hidden=\"true\" class=\"far fa-clock\"><\/i><\/div><!-- Story Arrow --><div class=\"twae-arrow\"><\/div><!-- Start of Story Content --><div class=\"twae-content\"><!-- Story Image --><div class=\"twae-media large\"><img loading=\"lazy\" decoding=\"async\" width=\"800\" height=\"600\" src=\"https:\/\/elektro-hasch.de\/wp-content\/uploads\/2025\/12\/WhatsApp-Image-2025-12-17-at-19.42.03-1024x768.jpeg\" class=\"attachment-large size-large\" alt=\"\" srcset=\"https:\/\/elektro-hasch.de\/wp-content\/uploads\/2025\/12\/WhatsApp-Image-2025-12-17-at-19.42.03-1024x768.jpeg 1024w, https:\/\/elektro-hasch.de\/wp-content\/uploads\/2025\/12\/WhatsApp-Image-2025-12-17-at-19.42.03-300x225.jpeg 300w, https:\/\/elektro-hasch.de\/wp-content\/uploads\/2025\/12\/WhatsApp-Image-2025-12-17-at-19.42.03-768x576.jpeg 768w, https:\/\/elektro-hasch.de\/wp-content\/uploads\/2025\/12\/WhatsApp-Image-2025-12-17-at-19.42.03-1536x1152.jpeg 1536w, https:\/\/elektro-hasch.de\/wp-content\/uploads\/2025\/12\/WhatsApp-Image-2025-12-17-at-19.42.03-600x450.jpeg 600w, https:\/\/elektro-hasch.de\/wp-content\/uploads\/2025\/12\/WhatsApp-Image-2025-12-17-at-19.42.03.jpeg 1600w\" sizes=\"(max-width: 800px) 100vw, 800px\" \/><\/div><!-- Story Title --><div class=\"twae-title twae-title twae-title\">Projekt: Badsanierung<\/div><!-- Story Description --><div class=\"twae-description twae-description twae-description\"><p>Moderne Badsanierung mit durchdachtem Lichtkonzept: Bei diesem Projekt haben wir das Bad komplett erneuert und mit gezielter Beleuchtung f\u00fcr Atmosph\u00e4re, Funktion und Komfort gesorgt.<\/p><\/div><\/div><\/div><!-- Start of Story Repeater Content --><div id=\"twae-article-a9dbb9e\" class=\"twae-repeater-item twae-story swiper-slide twae-story-no-icon\"><!-- Story Label --><div class=\"twae-labels\"><div class=\"twae-label-big twae-label-big twae-label-big twae-label-big\">M\u00fcnchen<\/div><div class=\"twae-label-small twae-label-small twae-label-small twae-label-small\">Oktober<\/div><\/div><!-- Story Icon --><div class=\"twae-icon\"><svg aria-hidden=\"true\" class=\"e-font-icon-svg e-fas-house-damage\" viewBox=\"0 0 576 512\" xmlns=\"http:\/\/www.w3.org\/2000\/svg\"><path d=\"M288 114.96L69.47 307.71c-1.62 1.46-3.69 2.14-5.47 3.35V496c0 8.84 7.16 16 16 16h149.23L192 439.19l104.11-64-60.16-119.22L384 392.75l-104.11 64L319.81 512H496c8.84 0 16-7.16 16-16V311.1c-1.7-1.16-3.72-1.82-5.26-3.2L288 114.96zm282.69 121.32L512 184.45V48c0-8.84-7.16-16-16-16h-64c-8.84 0-16 7.16-16 16v51.69L314.75 10.31C307.12 3.45 297.56.01 288 0s-19.1 3.41-26.7 10.27L5.31 236.28c-6.57 5.91-7.12 16.02-1.21 22.6l21.4 23.82c5.9 6.57 16.02 7.12 22.6 1.21L277.42 81.63c6.05-5.33 15.12-5.33 21.17 0L527.91 283.9c6.57 5.9 16.69 5.36 22.6-1.21l21.4-23.82c5.9-6.57 5.36-16.69-1.22-22.59z\"><\/path><\/svg><\/div><!-- Story Arrow --><div class=\"twae-arrow\"><\/div><!-- Start of Story Content --><div class=\"twae-content\"><!-- Story Image --><div class=\"twae-media large\"><img loading=\"lazy\" decoding=\"async\" width=\"800\" height=\"600\" src=\"https:\/\/elektro-hasch.de\/wp-content\/uploads\/2025\/12\/DSC_6264-1024x768.jpg\" class=\"attachment-large size-large\" alt=\"\" srcset=\"https:\/\/elektro-hasch.de\/wp-content\/uploads\/2025\/12\/DSC_6264-1024x768.jpg 1024w, https:\/\/elektro-hasch.de\/wp-content\/uploads\/2025\/12\/DSC_6264-300x225.jpg 300w, https:\/\/elektro-hasch.de\/wp-content\/uploads\/2025\/12\/DSC_6264-768x576.jpg 768w, https:\/\/elektro-hasch.de\/wp-content\/uploads\/2025\/12\/DSC_6264-1536x1152.jpg 1536w, https:\/\/elektro-hasch.de\/wp-content\/uploads\/2025\/12\/DSC_6264-2048x1536.jpg 2048w, https:\/\/elektro-hasch.de\/wp-content\/uploads\/2025\/12\/DSC_6264-600x450.jpg 600w\" sizes=\"(max-width: 800px) 100vw, 800px\" \/><\/div><!-- Story Title --><div class=\"twae-title twae-title twae-title twae-title\">Projekt: Oktoberfest<\/div><!-- Story Description --><div class=\"twae-description twae-description twae-description twae-description\"><p>Zwischen Kn\u00f6deln und echter Wiesn-Stimmung sorgen wir f\u00fcr den richtigen Strom: Auf dem Oktoberfest durften wir die komplette Elektrik f\u00fcr die M\u00fcnchner Kn\u00f6delei umsetzen \u2013 zuverl\u00e4ssig, sicher und bereit f\u00fcr den Hochbetrieb.<\/p><\/div><\/div><\/div><\/div><\/div><\/div> <!-- Add Arrows -->\n       <div class=\"twae-button-prev\"><i class=\"fas fa-chevron-left\"><\/i><\/div>\n       <div class=\"twae-button-next\"><i class=\"fas fa-chevron-right\"><\/i><\/div>\n       <div class=\"twae-h-line\"><\/div>\n       <div class=\"twae-line-fill\"><\/div>\n    <\/div><style type=\"text\/css\">@media (max-width: 1024px){ .twae-wrapper{--tw-ybx-size: 75px !important;}}@media (max-width: 767px){ .twae-wrapper{--tw-ybx-size: 75px !important}}<\/style>\t\t\t\t<\/div>\n\t\t\t\t<\/div>\n\t\t\t\t\t<\/div>\n\t\t\t\t<\/div>\n\t\t\t\t<\/div>\n\t\t","protected":false},"excerpt":{"rendered":"<p>Willkommen bei Elektro Hasch &#8211; Ihr Partner f\u00fcr zuverl\u00e4ssige Elektrotechnik. \u00dcber Uns Elektro Hasch steht seit 1967 f\u00fcr zuverl\u00e4ssige, hochwertige und fachgerechte Elektrotechnik. Gegr\u00fcndet von Josef Hasch Senior und seit &#8230;<\/p>\n","protected":false},"author":1,"featured_media":0,"parent":0,"menu_order":0,"comment_status":"closed","ping_status":"closed","template":"elementor_header_footer","meta":{"footnotes":""},"class_list":["post-88","page","type-page","status-publish","hentry"],"jetpack_sharing_enabled":true,"_links":{"self":[{"href":"https:\/\/elektro-hasch.de\/index.php\/wp-json\/wp\/v2\/pages\/88","targetHints":{"allow":["GET"]}}],"collection":[{"href":"https:\/\/elektro-hasch.de\/index.php\/wp-json\/wp\/v2\/pages"}],"about":[{"href":"https:\/\/elektro-hasch.de\/index.php\/wp-json\/wp\/v2\/types\/page"}],"author":[{"embeddable":true,"href":"https:\/\/elektro-hasch.de\/index.php\/wp-json\/wp\/v2\/users\/1"}],"replies":[{"embeddable":true,"href":"https:\/\/elektro-hasch.de\/index.php\/wp-json\/wp\/v2\/comments?post=88"}],"version-history":[{"count":172,"href":"https:\/\/elektro-hasch.de\/index.php\/wp-json\/wp\/v2\/pages\/88\/revisions"}],"predecessor-version":[{"id":947,"href":"https:\/\/elektro-hasch.de\/index.php\/wp-json\/wp\/v2\/pages\/88\/revisions\/947"}],"wp:attachment":[{"href":"https:\/\/elektro-hasch.de\/index.php\/wp-json\/wp\/v2\/media?parent=88"}],"curies":[{"name":"wp","href":"https:\/\/api.w.org\/{rel}","templated":true}]}}