{"id":46,"date":"2025-11-19T16:39:26","date_gmt":"2025-11-19T16:39:26","guid":{"rendered":"https:\/\/elektro-hasch.de\/index.php\/global-styles\/"},"modified":"2026-01-07T21:28:02","modified_gmt":"2026-01-07T21:28:02","slug":"global-styles","status":"publish","type":"page","link":"https:\/\/elektro-hasch.de\/index.php\/home\/global-styles\/","title":{"rendered":"Karriere"},"content":{"rendered":"\t\t<div data-elementor-type=\"wp-page\" data-elementor-id=\"46\" class=\"elementor elementor-46\">\n\t\t\t\t<div class=\"elementor-element elementor-element-2be2816 e-flex e-con-boxed e-con e-parent\" data-id=\"2be2816\" data-element_type=\"container\">\n\t\t\t\t\t<div class=\"e-con-inner\">\n\t\t\t\t<div class=\"elementor-element elementor-element-991d305 elementor-widget elementor-widget-spacer\" data-id=\"991d305\" data-element_type=\"widget\" data-widget_type=\"spacer.default\">\n\t\t\t\t\t\t\t<div class=\"elementor-spacer\">\n\t\t\t<div class=\"elementor-spacer-inner\"><\/div>\n\t\t<\/div>\n\t\t\t\t\t\t<\/div>\n\t\t\t\t\t<\/div>\n\t\t\t\t<\/div>\n\t\t<div class=\"elementor-element elementor-element-e48886a e-flex e-con-boxed e-con e-parent\" data-id=\"e48886a\" data-element_type=\"container\" data-settings=\"{&quot;background_background&quot;:&quot;classic&quot;}\">\n\t\t\t\t\t<div class=\"e-con-inner\">\n\t\t\t\t<div class=\"elementor-element elementor-element-2c81c8e elementor-widget elementor-widget-heading\" data-id=\"2c81c8e\" data-element_type=\"widget\" data-widget_type=\"heading.default\">\n\t\t\t\t\t<h2 class=\"elementor-heading-title elementor-size-default\">Karriere<\/h2>\t\t\t\t<\/div>\n\t\t\t\t\t<\/div>\n\t\t\t\t<\/div>\n\t\t<div class=\"elementor-element elementor-element-56c18b7a e-flex e-con-boxed e-con e-parent\" data-id=\"56c18b7a\" data-element_type=\"container\">\n\t\t\t\t\t<div class=\"e-con-inner\">\n\t\t<div class=\"elementor-element elementor-element-12f9d4d3 e-con-full e-flex e-con e-child\" data-id=\"12f9d4d3\" data-element_type=\"container\">\n\t\t<div class=\"elementor-element elementor-element-6fd170e4 e-con-full e-flex e-con e-child\" data-id=\"6fd170e4\" data-element_type=\"container\" data-settings=\"{&quot;background_background&quot;:&quot;classic&quot;}\">\n\t\t\t\t<div class=\"elementor-element elementor-element-7be768e3 elementor-widget elementor-widget-image\" data-id=\"7be768e3\" data-element_type=\"widget\" data-widget_type=\"image.default\">\n\t\t\t\t\t\t\t\t\t\t\t\t\t\t\t<img fetchpriority=\"high\" decoding=\"async\" width=\"768\" height=\"768\" src=\"https:\/\/elektro-hasch.de\/wp-content\/uploads\/2025\/11\/Autos-768x768.png\" class=\"attachment-medium_large size-medium_large wp-image-413\" alt=\"\" srcset=\"https:\/\/elektro-hasch.de\/wp-content\/uploads\/2025\/11\/Autos-768x768.png 768w, https:\/\/elektro-hasch.de\/wp-content\/uploads\/2025\/11\/Autos-300x300.png 300w, https:\/\/elektro-hasch.de\/wp-content\/uploads\/2025\/11\/Autos-1024x1024.png 1024w, https:\/\/elektro-hasch.de\/wp-content\/uploads\/2025\/11\/Autos-150x150.png 150w, https:\/\/elektro-hasch.de\/wp-content\/uploads\/2025\/11\/Autos-600x600.png 600w, https:\/\/elektro-hasch.de\/wp-content\/uploads\/2025\/11\/Autos-100x100.png 100w, https:\/\/elektro-hasch.de\/wp-content\/uploads\/2025\/11\/Autos.png 1316w\" sizes=\"(max-width: 768px) 100vw, 768px\" \/>\t\t\t\t\t\t\t\t\t\t\t\t\t\t\t<\/div>\n\t\t\t\t<div class=\"elementor-element elementor-element-5a263ca4 elementor-widget elementor-widget-image\" data-id=\"5a263ca4\" data-element_type=\"widget\" data-widget_type=\"image.default\">\n\t\t\t\t\t\t\t\t\t\t\t\t\t\t\t<img decoding=\"async\" width=\"800\" height=\"600\" src=\"https:\/\/elektro-hasch.de\/wp-content\/uploads\/2025\/11\/DSC_0228-1-1024x768.jpg\" class=\"attachment-large size-large wp-image-400\" alt=\"\" srcset=\"https:\/\/elektro-hasch.de\/wp-content\/uploads\/2025\/11\/DSC_0228-1-1024x768.jpg 1024w, https:\/\/elektro-hasch.de\/wp-content\/uploads\/2025\/11\/DSC_0228-1-300x225.jpg 300w, https:\/\/elektro-hasch.de\/wp-content\/uploads\/2025\/11\/DSC_0228-1-768x576.jpg 768w, https:\/\/elektro-hasch.de\/wp-content\/uploads\/2025\/11\/DSC_0228-1-1536x1152.jpg 1536w, https:\/\/elektro-hasch.de\/wp-content\/uploads\/2025\/11\/DSC_0228-1-2048x1536.jpg 2048w, https:\/\/elektro-hasch.de\/wp-content\/uploads\/2025\/11\/DSC_0228-1-600x450.jpg 600w\" sizes=\"(max-width: 800px) 100vw, 800px\" \/>\t\t\t\t\t\t\t\t\t\t\t\t\t\t\t<\/div>\n\t\t\t\t<\/div>\n\t\t<div class=\"elementor-element elementor-element-4146024 e-con-full e-flex e-con e-child\" data-id=\"4146024\" data-element_type=\"container\" data-settings=\"{&quot;background_background&quot;:&quot;classic&quot;}\">\n\t\t\t\t<div class=\"elementor-element elementor-element-4c6ac814 elementor-widget elementor-widget-image\" data-id=\"4c6ac814\" data-element_type=\"widget\" data-widget_type=\"image.default\">\n\t\t\t\t\t\t\t\t\t\t\t\t\t\t\t<img decoding=\"async\" width=\"800\" height=\"450\" src=\"https:\/\/elektro-hasch.de\/wp-content\/uploads\/2025\/12\/1027a006-2fbd-40ff-9002-f37753a0d60c-1024x576.jpg\" class=\"attachment-large size-large wp-image-641\" alt=\"\" srcset=\"https:\/\/elektro-hasch.de\/wp-content\/uploads\/2025\/12\/1027a006-2fbd-40ff-9002-f37753a0d60c-1024x576.jpg 1024w, https:\/\/elektro-hasch.de\/wp-content\/uploads\/2025\/12\/1027a006-2fbd-40ff-9002-f37753a0d60c-300x169.jpg 300w, https:\/\/elektro-hasch.de\/wp-content\/uploads\/2025\/12\/1027a006-2fbd-40ff-9002-f37753a0d60c-768x432.jpg 768w, https:\/\/elektro-hasch.de\/wp-content\/uploads\/2025\/12\/1027a006-2fbd-40ff-9002-f37753a0d60c-1536x864.jpg 1536w, https:\/\/elektro-hasch.de\/wp-content\/uploads\/2025\/12\/1027a006-2fbd-40ff-9002-f37753a0d60c-600x338.jpg 600w, https:\/\/elektro-hasch.de\/wp-content\/uploads\/2025\/12\/1027a006-2fbd-40ff-9002-f37753a0d60c.jpg 2048w\" sizes=\"(max-width: 800px) 100vw, 800px\" \/>\t\t\t\t\t\t\t\t\t\t\t\t\t\t\t<\/div>\n\t\t\t\t<div class=\"elementor-element elementor-element-13233468 elementor-widget elementor-widget-image\" data-id=\"13233468\" data-element_type=\"widget\" data-widget_type=\"image.default\">\n\t\t\t\t\t\t\t\t\t\t\t\t\t\t\t<img loading=\"lazy\" decoding=\"async\" width=\"800\" height=\"800\" src=\"https:\/\/elektro-hasch.de\/wp-content\/uploads\/2025\/11\/Kleiner-Sepp.png\" class=\"attachment-large size-large wp-image-398\" alt=\"\" srcset=\"https:\/\/elektro-hasch.de\/wp-content\/uploads\/2025\/11\/Kleiner-Sepp.png 884w, https:\/\/elektro-hasch.de\/wp-content\/uploads\/2025\/11\/Kleiner-Sepp-300x300.png 300w, https:\/\/elektro-hasch.de\/wp-content\/uploads\/2025\/11\/Kleiner-Sepp-150x150.png 150w, https:\/\/elektro-hasch.de\/wp-content\/uploads\/2025\/11\/Kleiner-Sepp-768x768.png 768w, https:\/\/elektro-hasch.de\/wp-content\/uploads\/2025\/11\/Kleiner-Sepp-600x600.png 600w, https:\/\/elektro-hasch.de\/wp-content\/uploads\/2025\/11\/Kleiner-Sepp-100x100.png 100w\" sizes=\"(max-width: 800px) 100vw, 800px\" \/>\t\t\t\t\t\t\t\t\t\t\t\t\t\t\t<\/div>\n\t\t\t\t<\/div>\n\t\t\t\t<\/div>\n\t\t<div class=\"elementor-element elementor-element-424024b3 e-con-full e-flex e-con e-child\" data-id=\"424024b3\" data-element_type=\"container\">\n\t\t\t\t<div class=\"elementor-element elementor-element-5c9ea0a7 elementor-widget elementor-widget-heading\" data-id=\"5c9ea0a7\" data-element_type=\"widget\" data-widget_type=\"heading.default\">\n\t\t\t\t\t<h3 class=\"elementor-heading-title elementor-size-default\">Elektro Hasch<\/h3>\t\t\t\t<\/div>\n\t\t\t\t<div class=\"elementor-element elementor-element-79a979b4 elementor-widget elementor-widget-text-editor\" data-id=\"79a979b4\" data-element_type=\"widget\" data-widget_type=\"text-editor.default\">\n\t\t\t\t\t\t\t\t\t<p data-start=\"115\" data-end=\"406\">Als Meisterbetrieb aus Egling liefern wir saubere Arbeit \u2013 von Elektroinstallationen \u00fcber Haushaltsger\u00e4te bis zur modernen Energietechnik.<br data-start=\"257\" data-end=\"260\" \/>Mit eigenem Elektro-Shop, pers\u00f6nlicher Beratung und echter Handschlagqualit\u00e4t k\u00fcmmern wir uns um alles, was funken, leuchten oder laufen soll.<\/p><p data-start=\"408\" data-end=\"488\" data-is-last-node=\"\" data-is-only-node=\"\"><strong data-start=\"408\" data-end=\"469\">Wenn\u2019s pressiert oder a Wunsch offen is \u2013 einfach melden.<\/strong><\/p>\t\t\t\t\t\t\t\t<\/div>\n\t\t\t\t<div class=\"elementor-element elementor-element-25ea40a1 elementor-mobile-align-center elementor-invisible elementor-widget elementor-widget-button\" data-id=\"25ea40a1\" data-element_type=\"widget\" data-settings=\"{&quot;_animation&quot;:&quot;fadeInDown&quot;}\" data-widget_type=\"button.default\">\n\t\t\t\t\t\t\t\t\t\t<a class=\"elementor-button elementor-button-link elementor-size-sm\" href=\"mailto:info@elektro-hasch.de\">\n\t\t\t\t\t\t<span class=\"elementor-button-content-wrapper\">\n\t\t\t\t\t\t<span class=\"elementor-button-icon\">\n\t\t\t\t<svg aria-hidden=\"true\" class=\"e-font-icon-svg e-fas-bolt\" viewBox=\"0 0 320 512\" xmlns=\"http:\/\/www.w3.org\/2000\/svg\"><path d=\"M296 160H180.6l42.6-129.8C227.2 15 215.7 0 200 0H56C44 0 33.8 8.9 32.2 20.8l-32 240C-1.7 275.2 9.5 288 24 288h118.7L96.6 482.5c-3.6 15.2 8 29.5 23.3 29.5 8.4 0 16.4-4.4 20.8-12l176-304c9.3-15.9-2.2-36-20.7-36z\"><\/path><\/svg>\t\t\t<\/span>\n\t\t\t\t\t\t\t\t<\/span>\n\t\t\t\t\t<\/a>\n\t\t\t\t\t\t\t\t<\/div>\n\t\t\t\t<\/div>\n\t\t\t\t\t<\/div>\n\t\t\t\t<\/div>\n\t\t<div class=\"elementor-element elementor-element-c398c9b e-flex e-con-boxed e-con e-parent\" data-id=\"c398c9b\" data-element_type=\"container\" data-settings=\"{&quot;background_background&quot;:&quot;classic&quot;}\">\n\t\t\t\t\t<div class=\"e-con-inner\">\n\t\t\t\t<div class=\"elementor-element elementor-element-2e8a560 elementor-widget elementor-widget-spacer\" data-id=\"2e8a560\" data-element_type=\"widget\" data-widget_type=\"spacer.default\">\n\t\t\t\t\t\t\t<div class=\"elementor-spacer\">\n\t\t\t<div class=\"elementor-spacer-inner\"><\/div>\n\t\t<\/div>\n\t\t\t\t\t\t<\/div>\n\t\t\t\t\t<\/div>\n\t\t\t\t<\/div>\n\t\t<div class=\"elementor-element elementor-element-5654ad75 e-flex e-con-boxed e-con e-parent\" data-id=\"5654ad75\" data-element_type=\"container\" data-settings=\"{&quot;background_background&quot;:&quot;classic&quot;}\">\n\t\t\t\t\t<div class=\"e-con-inner\">\n\t\t\t\t<div class=\"elementor-element elementor-element-6ea7fa57 elementor-widget elementor-widget-heading\" data-id=\"6ea7fa57\" data-element_type=\"widget\" data-widget_type=\"heading.default\">\n\t\t\t\t\t<h3 class=\"elementor-heading-title elementor-size-default\">Karriere bei Elektro Hasch \u2013 Verst\u00e4rkung gesucht!<\/h3>\t\t\t\t<\/div>\n\t\t\t\t\t<\/div>\n\t\t\t\t<\/div>\n\t\t<div class=\"elementor-element elementor-element-8e4b105 e-flex e-con-boxed e-con e-parent\" data-id=\"8e4b105\" data-element_type=\"container\" data-settings=\"{&quot;background_background&quot;:&quot;classic&quot;}\">\n\t\t\t\t\t<div class=\"e-con-inner\">\n\t\t\t\t<div class=\"elementor-element elementor-element-43c71a8 elementor-widget elementor-widget-spacer\" data-id=\"43c71a8\" data-element_type=\"widget\" data-widget_type=\"spacer.default\">\n\t\t\t\t\t\t\t<div class=\"elementor-spacer\">\n\t\t\t<div class=\"elementor-spacer-inner\"><\/div>\n\t\t<\/div>\n\t\t\t\t\t\t<\/div>\n\t\t\t\t\t<\/div>\n\t\t\t\t<\/div>\n\t\t<div class=\"elementor-element elementor-element-4abc1ff e-flex e-con-boxed e-con e-parent\" data-id=\"4abc1ff\" data-element_type=\"container\" data-settings=\"{&quot;background_background&quot;:&quot;classic&quot;}\">\n\t\t\t\t\t<div class=\"e-con-inner\">\n\t\t\t\t<div class=\"elementor-element elementor-element-a3b53aa elementor-widget elementor-widget-spacer\" data-id=\"a3b53aa\" data-element_type=\"widget\" data-widget_type=\"spacer.default\">\n\t\t\t\t\t\t\t<div class=\"elementor-spacer\">\n\t\t\t<div class=\"elementor-spacer-inner\"><\/div>\n\t\t<\/div>\n\t\t\t\t\t\t<\/div>\n\t\t\t\t<div class=\"elementor-element elementor-element-db24e11 elementor-view-default elementor-widget elementor-widget-icon\" data-id=\"db24e11\" data-element_type=\"widget\" data-widget_type=\"icon.default\">\n\t\t\t\t\t\t\t<div class=\"elementor-icon-wrapper\">\n\t\t\t<div class=\"elementor-icon\">\n\t\t\t<svg aria-hidden=\"true\" class=\"e-font-icon-svg e-fas-arrow-down\" viewBox=\"0 0 448 512\" xmlns=\"http:\/\/www.w3.org\/2000\/svg\"><path d=\"M413.1 222.5l22.2 22.2c9.4 9.4 9.4 24.6 0 33.9L241 473c-9.4 9.4-24.6 9.4-33.9 0L12.7 278.6c-9.4-9.4-9.4-24.6 0-33.9l22.2-22.2c9.5-9.5 25-9.3 34.3.4L184 343.4V56c0-13.3 10.7-24 24-24h32c13.3 0 24 10.7 24 24v287.4l114.8-120.5c9.3-9.8 24.8-10 34.3-.4z\"><\/path><\/svg>\t\t\t<\/div>\n\t\t<\/div>\n\t\t\t\t\t\t<\/div>\n\t\t\t\t<div class=\"elementor-element elementor-element-bbc9cef elementor-widget elementor-widget-spacer\" data-id=\"bbc9cef\" data-element_type=\"widget\" data-widget_type=\"spacer.default\">\n\t\t\t\t\t\t\t<div class=\"elementor-spacer\">\n\t\t\t<div class=\"elementor-spacer-inner\"><\/div>\n\t\t<\/div>\n\t\t\t\t\t\t<\/div>\n\t\t\t\t\t<\/div>\n\t\t\t\t<\/div>\n\t\t<div class=\"elementor-element elementor-element-46b1c93 e-flex e-con-boxed e-con e-parent\" data-id=\"46b1c93\" data-element_type=\"container\" data-settings=\"{&quot;background_background&quot;:&quot;classic&quot;}\">\n\t\t\t\t\t<div class=\"e-con-inner\">\n\t\t\t\t<div class=\"elementor-element elementor-element-5fbf6c1 elementor-widget elementor-widget-n-accordion\" data-id=\"5fbf6c1\" data-element_type=\"widget\" data-settings=\"{&quot;default_state&quot;:&quot;expanded&quot;,&quot;max_items_expended&quot;:&quot;one&quot;,&quot;n_accordion_animation_duration&quot;:{&quot;unit&quot;:&quot;ms&quot;,&quot;size&quot;:400,&quot;sizes&quot;:[]}}\" data-widget_type=\"nested-accordion.default\">\n\t\t\t\t\t\t\t<div class=\"e-n-accordion\" aria-label=\"Accordion. Open links with Enter or Space, close with Escape, and navigate with Arrow Keys\">\n\t\t\t\t\t\t<details id=\"e-n-accordion-item-1000\" class=\"e-n-accordion-item\" open>\n\t\t\t\t<summary class=\"e-n-accordion-item-title\" data-accordion-index=\"1\" tabindex=\"0\" aria-expanded=\"true\" aria-controls=\"e-n-accordion-item-1000\" >\n\t\t\t\t\t<span class='e-n-accordion-item-title-header'><div class=\"e-n-accordion-item-title-text\"> Ausbildung zum Elektroniker f\u00fcr Energie &amp; Geb\u00e4udetechnik <\/div><\/span>\n\t\t\t\t\t\t\t<span class='e-n-accordion-item-title-icon'>\n\t\t\t<span class='e-opened' ><svg aria-hidden=\"true\" class=\"e-font-icon-svg e-fas-bolt\" viewBox=\"0 0 320 512\" xmlns=\"http:\/\/www.w3.org\/2000\/svg\"><path d=\"M296 160H180.6l42.6-129.8C227.2 15 215.7 0 200 0H56C44 0 33.8 8.9 32.2 20.8l-32 240C-1.7 275.2 9.5 288 24 288h118.7L96.6 482.5c-3.6 15.2 8 29.5 23.3 29.5 8.4 0 16.4-4.4 20.8-12l176-304c9.3-15.9-2.2-36-20.7-36z\"><\/path><\/svg><\/span>\n\t\t\t<span class='e-closed'><svg aria-hidden=\"true\" class=\"e-font-icon-svg e-fas-plus\" viewBox=\"0 0 448 512\" xmlns=\"http:\/\/www.w3.org\/2000\/svg\"><path d=\"M416 208H272V64c0-17.67-14.33-32-32-32h-32c-17.67 0-32 14.33-32 32v144H32c-17.67 0-32 14.33-32 32v32c0 17.67 14.33 32 32 32h144v144c0 17.67 14.33 32 32 32h32c17.67 0 32-14.33 32-32V304h144c17.67 0 32-14.33 32-32v-32c0-17.67-14.33-32-32-32z\"><\/path><\/svg><\/span>\n\t\t<\/span>\n\n\t\t\t\t\t\t<\/summary>\n\t\t\t\t<div role=\"region\" aria-labelledby=\"e-n-accordion-item-1000\" class=\"elementor-element elementor-element-eb6a3de e-con-full e-flex e-con e-child\" data-id=\"eb6a3de\" data-element_type=\"container\">\n\t\t\t\t<div class=\"elementor-element elementor-element-14cd447 elementor-widget elementor-widget-text-editor\" data-id=\"14cd447\" data-element_type=\"widget\" data-widget_type=\"text-editor.default\">\n\t\t\t\t\t\t\t\t\t<p>Das bringst du mit:<\/p><p>\u25aa Du hast gute schulische Leistungen im Fach Mathematik und die Aussicht auf<br \/>den Qualifizierten Hauptschulabschluss oder die mittlere Reife<br \/>\u25aa Du bist interessiert am Handwerk &amp; an elektrotechnischen Zusammenh\u00e4ngen<br \/>\u25aa Du bist technikbegeistert, engagiert und wissbegierig<br \/>\u25aa Du bist gerne in Kontakt mit Menschen und hast Spa\u00df an der Arbeit im Team<br \/>\u25aa Du m\u00f6chtest mit H\u00e4nden und K\u00f6pfchen arbeiten und am Tagesende<br \/>dein Arbeitsergebnis sehen k\u00f6nnen<br \/>Das bieten wir dir<br \/>\u25aa Eine fundierte Ausbildung in einem langj\u00e4hrig best\u00e4ndigen Familienbetrieb<br \/>\u25aa Abwechslungsreiche Kundenprojekte im Gro\u00dfraum M\u00fcnchen &amp; Umgebung<br \/>\u25aa Umfassende Betreuung w\u00e4hrend der Einarbeitungs- &amp; Ausbildungszeit<br \/>\u25aa Ein famili\u00e4res Team in dem wir gemeinsam etwas bewegen<br \/>\u25aa Ein sicher Arbeitsplatz mit langfristiger Auslegung auch \u00fcber die Ausbildung<br \/>hinaus<br \/>Darauf kannst du dich noch freuen<br \/>\u25aa Au\u00dferbetriebliche Weiterbildung (Innungskurse)<br \/>\u25aa Eine pers\u00f6nliche Zusammenarbeit auf Basis von Anerkennung,<br \/>Vertrauen und Wertsch\u00e4tzung<br \/>\u25aa Regelm\u00e4\u00dfige Team-Events (Sommerfest, Oktoberfest, Flo\u00dffahrten &amp; Co.)<br \/>\u25aa Platz f\u00fcr Deine Ziele und Weiterentwicklungsw\u00fcnsche<br \/>\u25aa Ausstattung mit Firmenbekleidung<\/p><p>Wir freuen uns auf deine Bewerbung an<br \/>Josef Hasch<\/p><p><a href=\"mailto:josef.hasch@elektro-hasch.de\">josef.hasch@elektro-hasch.de<\/a><\/p>\t\t\t\t\t\t\t\t<\/div>\n\t\t\t\t<\/div>\n\t\t\t\t\t<\/details>\n\t\t\t\t\t\t<details id=\"e-n-accordion-item-1001\" class=\"e-n-accordion-item\" >\n\t\t\t\t<summary class=\"e-n-accordion-item-title\" data-accordion-index=\"2\" tabindex=\"-1\" aria-expanded=\"false\" aria-controls=\"e-n-accordion-item-1001\" >\n\t\t\t\t\t<span class='e-n-accordion-item-title-header'><div class=\"e-n-accordion-item-title-text\"> Elektroniker \/ Geselle f\u00fcr Energie &amp; Geb\u00e4udetechnik <\/div><\/span>\n\t\t\t\t\t\t\t<span class='e-n-accordion-item-title-icon'>\n\t\t\t<span class='e-opened' ><svg aria-hidden=\"true\" class=\"e-font-icon-svg e-fas-bolt\" viewBox=\"0 0 320 512\" xmlns=\"http:\/\/www.w3.org\/2000\/svg\"><path d=\"M296 160H180.6l42.6-129.8C227.2 15 215.7 0 200 0H56C44 0 33.8 8.9 32.2 20.8l-32 240C-1.7 275.2 9.5 288 24 288h118.7L96.6 482.5c-3.6 15.2 8 29.5 23.3 29.5 8.4 0 16.4-4.4 20.8-12l176-304c9.3-15.9-2.2-36-20.7-36z\"><\/path><\/svg><\/span>\n\t\t\t<span class='e-closed'><svg aria-hidden=\"true\" class=\"e-font-icon-svg e-fas-plus\" viewBox=\"0 0 448 512\" xmlns=\"http:\/\/www.w3.org\/2000\/svg\"><path d=\"M416 208H272V64c0-17.67-14.33-32-32-32h-32c-17.67 0-32 14.33-32 32v144H32c-17.67 0-32 14.33-32 32v32c0 17.67 14.33 32 32 32h144v144c0 17.67 14.33 32 32 32h32c17.67 0 32-14.33 32-32V304h144c17.67 0 32-14.33 32-32v-32c0-17.67-14.33-32-32-32z\"><\/path><\/svg><\/span>\n\t\t<\/span>\n\n\t\t\t\t\t\t<\/summary>\n\t\t\t\t<div role=\"region\" aria-labelledby=\"e-n-accordion-item-1001\" class=\"elementor-element elementor-element-1453b54 e-con-full e-flex e-con e-child\" data-id=\"1453b54\" data-element_type=\"container\">\n\t\t\t\t<div class=\"elementor-element elementor-element-f456643 elementor-widget elementor-widget-text-editor\" data-id=\"f456643\" data-element_type=\"widget\" data-widget_type=\"text-editor.default\">\n\t\t\t\t\t\t\t\t\t<p>Das bringst du mit<br \/>\u25aa<br \/>\u25aa Du hast eine abgeschlossene Ausbildung zum Elektroniker, Elektrotechniker<br \/>oder Vergleichbares<br \/>\u25aa Du besch\u00e4ftigst dich gerne mit zukunftsorientierten Themen wie Smart-Home<br \/>oder erneuerbare Energien<br \/>\u25aa Du stehst gerne im Kontakt mit Kunden und hast Freude daran unser Service<br \/>Versprechen vor Ort zu erf\u00fcllen<br \/>\u25aa Du arbeitest selbstst\u00e4ndig, gewissenhaft und eigenverantwortlich<br \/>\u25aa Dich zeichnet eine analytische l\u00f6sungsorientierte Denkweise aus<br \/>\u25aa Die Arbeit im Team macht dir Spa\u00df<br \/>\u25aa Du hast einen F\u00fchrerschein der Klasse B<br \/>Das bieten wir dir<br \/>\u25aa Abwechslungsreiche Kundenprojekte im Gro\u00dfraum M\u00fcnchen &amp; Umgebung<br \/>\u25aa Selbstst\u00e4ndiges Verantworten von Elektro- &amp; Montagearbeiten sowie<br \/>Hausinstallationen<br \/>\u25aa Aufbau, Installation, Inbetriebnahme sowie Wartung und Instandhaltung<br \/>elektrischer Anlagen<br \/>\u25aa Pr\u00fcfarbeiten, Fehleranalyse und St\u00f6rungsbeseitigung<br \/>\u25aa Ein famili\u00e4res Team in dem wir gemeinsam etwas bewegen<br \/>\u25aa Ein sicher Arbeitsplatz in einem unbefristeten Arbeitsverh\u00e4ltnis<br \/>Darauf kannst du dich noch freuen<br \/>\u25aa Firmengef\u00f6rderte Weiterbildungsm\u00f6glichkeiten (z.B. Herstellerschulungen)<br \/>\u25aa Eine Top Ausstattung mit modernen Arbeitsger\u00e4ten, Firmenwagen &amp; Arbeitskleidung<br \/>\u25aa Eine pers\u00f6nliche Zusammenarbeit auf Basis von Anerkennung, Vertrauen<br \/>und Wertsch\u00e4tzung<br \/>\u25aa Regelm\u00e4\u00dfige Team-Events (Sommerfest, Oktoberfest, Flo\u00dffahrten &amp; Co.)<br \/>\u25aa Platz f\u00fcr Deine Ziele und Weiterentwicklungsw\u00fcnsche<\/p><p><br \/>Wir freuen uns auf deine Bewerbung mit Angabe deiner Gehaltsvorstellung<br \/>und deinem fr\u00fchsten Einstiegstermin an:<br \/>Josef Hasch<\/p><p><br \/><a href=\"mailto:josef.hasch@elektro-hasch.de\">josef.hasch@elektro-hasch.de<\/a><\/p><p>\u00a0<\/p>\t\t\t\t\t\t\t\t<\/div>\n\t\t\t\t<\/div>\n\t\t\t\t\t<\/details>\n\t\t\t\t\t\t<details id=\"e-n-accordion-item-1002\" class=\"e-n-accordion-item\" >\n\t\t\t\t<summary class=\"e-n-accordion-item-title\" data-accordion-index=\"3\" tabindex=\"-1\" aria-expanded=\"false\" aria-controls=\"e-n-accordion-item-1002\" >\n\t\t\t\t\t<span class='e-n-accordion-item-title-header'><div class=\"e-n-accordion-item-title-text\"> Meister f\u00fcr Energie &amp; Geb\u00e4udetechnik <\/div><\/span>\n\t\t\t\t\t\t\t<span class='e-n-accordion-item-title-icon'>\n\t\t\t<span class='e-opened' ><svg aria-hidden=\"true\" class=\"e-font-icon-svg e-fas-bolt\" viewBox=\"0 0 320 512\" xmlns=\"http:\/\/www.w3.org\/2000\/svg\"><path d=\"M296 160H180.6l42.6-129.8C227.2 15 215.7 0 200 0H56C44 0 33.8 8.9 32.2 20.8l-32 240C-1.7 275.2 9.5 288 24 288h118.7L96.6 482.5c-3.6 15.2 8 29.5 23.3 29.5 8.4 0 16.4-4.4 20.8-12l176-304c9.3-15.9-2.2-36-20.7-36z\"><\/path><\/svg><\/span>\n\t\t\t<span class='e-closed'><svg aria-hidden=\"true\" class=\"e-font-icon-svg e-fas-plus\" viewBox=\"0 0 448 512\" xmlns=\"http:\/\/www.w3.org\/2000\/svg\"><path d=\"M416 208H272V64c0-17.67-14.33-32-32-32h-32c-17.67 0-32 14.33-32 32v144H32c-17.67 0-32 14.33-32 32v32c0 17.67 14.33 32 32 32h144v144c0 17.67 14.33 32 32 32h32c17.67 0 32-14.33 32-32V304h144c17.67 0 32-14.33 32-32v-32c0-17.67-14.33-32-32-32z\"><\/path><\/svg><\/span>\n\t\t<\/span>\n\n\t\t\t\t\t\t<\/summary>\n\t\t\t\t<div role=\"region\" aria-labelledby=\"e-n-accordion-item-1002\" class=\"elementor-element elementor-element-e8ce242 e-con-full e-flex e-con e-child\" data-id=\"e8ce242\" data-element_type=\"container\">\n\t\t\t\t<div class=\"elementor-element elementor-element-43d0215 elementor-widget elementor-widget-text-editor\" data-id=\"43d0215\" data-element_type=\"widget\" data-widget_type=\"text-editor.default\">\n\t\t\t\t\t\t\t\t\t<p>Das bringst du mit<br \/>\u25aa Du hast einen Meister in Elektrotechnik<br \/>\u25aa Du besch\u00e4ftigst dich gerne mit zukunftsorientierten Themen wie Smart-Home oder<br \/>erneuerbare Energien<br \/>\u25aa Du repr\u00e4sentierst unseren Betrieb gerne im Kontakt mit Kunden<br \/>\u25aa Du arbeitest selbstst\u00e4ndig, gewissenhaft und eigenverantwortlich<br \/>\u25aa Dich zeichnet eine analytische l\u00f6sungsorientierte Denkweise aus<br \/>\u25aa Du \u00fcbernimmst gerne Verantwortung und die Arbeit mit dem Team macht dir Spa\u00df<br \/>\u25aa Du hast einen F\u00fchrerschein der Klasse B<br \/>Das bieten wir dir<br \/>\u25aa Selbstst\u00e4ndiges Verantworten von Kundenprojekten im Gro\u00dfraum M\u00fcnchen &amp; Umgebung<br \/>\u25aa Objektbesichtigung, Projektierung und Angebotserstellung<br \/>\u25aa Aufbau, Installation, Inbetriebnahme sowie Wartung und Instandhaltung elektrischer Anlagen<br \/>\u25aa Pr\u00fcfarbeiten, Fehleranalyse und St\u00f6rungsbeseitigung<br \/>\u25aa Ein famili\u00e4res Team in dem wir gemeinsam etwas bewegen<br \/>\u25aa Ein sicher Arbeitsplatz in einem unbefristeten Arbeitsverh\u00e4ltnis<br \/>Darauf kannst du dich noch freuen<br \/>\u25aa Firmengef\u00f6rderte Weiterbildungsm\u00f6glichkeiten (z.B. Herstellerschulungen)<br \/>\u25aa Eine pers\u00f6nliche Zusammenarbeit auf Basis von Anerkennung, Vertrauen und Wertsch\u00e4tzung<br \/>\u25aa Eine Top Ausstattung mit modernen Arbeitsger\u00e4ten, Firmenwagen &amp; Arbeitskleidung<br \/>\u25aa Regelm\u00e4\u00dfige Team-Events (Sommerfest, Oktoberfest, Flo\u00dffahrten &amp; Co.)<br \/>\u25aa Platz f\u00fcr Deine Ideen, W\u00fcnsche &amp; Ziele<\/p><p><br \/>Wir freuen uns auf deine Bewerbung mit Angabe deiner Gehaltsvorstellung<br \/>und deinem fr\u00fchsten Einstiegstermin an:<br \/>Josef Hasch<\/p><p><br \/><a href=\"mailto:josef.hasch@elektro-hasch.de\">josef.hasch@elektro-hasch.de<\/a><\/p>\t\t\t\t\t\t\t\t<\/div>\n\t\t\t\t<\/div>\n\t\t\t\t\t<\/details>\n\t\t\t\t\t<\/div>\n\t\t\t\t\t\t<\/div>\n\t\t\t\t<div class=\"elementor-element elementor-element-e5c6ac7 elementor-widget elementor-widget-spacer\" data-id=\"e5c6ac7\" data-element_type=\"widget\" data-widget_type=\"spacer.default\">\n\t\t\t\t\t\t\t<div class=\"elementor-spacer\">\n\t\t\t<div class=\"elementor-spacer-inner\"><\/div>\n\t\t<\/div>\n\t\t\t\t\t\t<\/div>\n\t\t\t\t\t<\/div>\n\t\t\t\t<\/div>\n\t\t\t\t<\/div>\n\t\t","protected":false},"excerpt":{"rendered":"<p>Karriere Elektro Hasch Als Meisterbetrieb aus Egling liefern wir saubere Arbeit \u2013 von Elektroinstallationen \u00fcber Haushaltsger\u00e4te bis zur modernen Energietechnik.Mit eigenem Elektro-Shop, pers\u00f6nlicher Beratung und echter Handschlagqualit\u00e4t k\u00fcmmern wir uns &#8230;<\/p>\n","protected":false},"author":1,"featured_media":0,"parent":88,"menu_order":0,"comment_status":"closed","ping_status":"closed","template":"elementor_header_footer","meta":{"footnotes":""},"class_list":["post-46","page","type-page","status-publish","hentry"],"jetpack_sharing_enabled":true,"_links":{"self":[{"href":"https:\/\/elektro-hasch.de\/index.php\/wp-json\/wp\/v2\/pages\/46","targetHints":{"allow":["GET"]}}],"collection":[{"href":"https:\/\/elektro-hasch.de\/index.php\/wp-json\/wp\/v2\/pages"}],"about":[{"href":"https:\/\/elektro-hasch.de\/index.php\/wp-json\/wp\/v2\/types\/page"}],"author":[{"embeddable":true,"href":"https:\/\/elektro-hasch.de\/index.php\/wp-json\/wp\/v2\/users\/1"}],"replies":[{"embeddable":true,"href":"https:\/\/elektro-hasch.de\/index.php\/wp-json\/wp\/v2\/comments?post=46"}],"version-history":[{"count":142,"href":"https:\/\/elektro-hasch.de\/index.php\/wp-json\/wp\/v2\/pages\/46\/revisions"}],"predecessor-version":[{"id":972,"href":"https:\/\/elektro-hasch.de\/index.php\/wp-json\/wp\/v2\/pages\/46\/revisions\/972"}],"up":[{"embeddable":true,"href":"https:\/\/elektro-hasch.de\/index.php\/wp-json\/wp\/v2\/pages\/88"}],"wp:attachment":[{"href":"https:\/\/elektro-hasch.de\/index.php\/wp-json\/wp\/v2\/media?parent=46"}],"curies":[{"name":"wp","href":"https:\/\/api.w.org\/{rel}","templated":true}]}}